ors of h.
2, 2741
Suppose 4*i = 38 + 818. Suppose -4*d - i + 1082 = 0. Let h = d + -154. List the prime factors of h.
3, 7
Let a(h) = h**3 - h**2 - 4*h - 5. Let d be a(3). Let m(x) = -2*x**3 + 2*x**2 - 3*x + 1. Let y be m(d). List the prime factors of 5296/68 - y/17.
2, 3, 13
Let t = 39816 - 19949. List the prime factors of t.
19867
List the prime factors of (408/(-306))/(1/(-16980)).
2, 5, 283
Let g be 16/24*(-15)/(-2). Suppose 0 = -4*d + 5*m + 1645, -g*m - 11 = -2*d + 814. What are the prime factors of d?
2, 5, 41
Suppose -20 = 5*m - 10*m, -4197 = -o + 5*m. List the prime factors of o.
4217
Suppose 4*x + 5*u + 25619 = 84776, 5*x - 4*u = 73977. What are the prime factors of x?
3, 4931
Let q = 27 - -14. Let d = q + -37. Suppose -d*u + 612 = -0*u. What are the prime factors of u?
3, 17
Suppose 8376613 = -240*y + 20130853. List the prime factors of y.
2, 3061
Let f be ((-6)/(-12))/(12/4584). Suppose 186*s - f*s = -1300. What are the prime factors of s?
2, 5, 13
Let s be (-2 + 1)*(-5 - 10 - 0). What are the prime factors of 40/s - 2 - (-452)/6?
2, 19
Suppose -20*p + 14*p = -24630. Suppose -p = -43*g + 38*g. What are the prime factors of g?
821
Let z = 5787 - -3821. List the prime factors of z.
2, 1201
What are the prime factors of (173/(-1))/(19*6/(-11286))?
3, 11, 173
Let d(q) be the third derivative of -q**4/24 + 2*q**2. Let y be d(-2). Suppose 0 = -2*h - y*c - 0*c + 98, -h - 2*c = -44. List the prime factors of h.
2, 3
Let i(q) = 306*q**2 + 14*q**3 + 42*q**3 - 308*q**2 - q + 10*q**3 + 8. List the prime factors of i(2).
2, 263
Let h(q) = 71*q - 220. Let x = 810 + -787. List the prime factors of h(x).
3, 157
Let r(a) = -9*a**2 - 333*a + 92. What are the prime factors of r(-16)?
2, 19, 41
Suppose -838 = -2*a + a + h, -6 = 3*h. Suppose -3*z + a = -5*o - 4*z, -5*o - 848 = -2*z. Let b = 250 + o. What are the prime factors of b?
2, 41
Suppose q - 48 = -2*v - 3*q, -6 = -3*q. Suppose 5*k = k - v. What are the prime factors of -1 - 1 - (-154 - k)?
3, 7
Let s(k) = -k**3 - 2*k - 8*k + 27 - 9 - 12*k**2. Let w be s(-11). Suppose -w*n + 686 - 182 = 0. What are the prime factors of n?
2, 3
Let v(z) = -38*z + 3. Let r(j) = -j**2 + 15*j - 29. Suppose 5*i - 4*p = -3*p + 68, -2*i + 32 = -2*p. Let a be r(i). What are the prime factors of v(a)?
3, 13
Suppose 5*u + 105 = 2*i, 0*u - 150 = -4*i - 2*u. Let l = i + -42. List the prime factors of l/((6/(-166))/((-6)/(-4))).
83
Suppose 3*h = 2*b + 28892, 2*h - 10505 - 8783 = -2*b. What are the prime factors of h?
2, 3, 11, 73
List the prime factors of (848/32 - 10)*1964.
2, 3, 11, 491
Let i = -20 - -38. Suppose -m = -2*m + 5*d + 1731, -m + 2*d = -1716. List the prime factors of m/i + (-4)/(-18).
5, 19
Let p(m) = 46*m + 87. Let v be ((-5)/(-3))/((-1)/(-6)). List the prime factors of p(v).
547
Let x(f) = -169*f - 4. Suppose -a - a = 4. Let l be x(a). List the prime factors of l/7 - 18/(-63).
2, 3
Let s(q) = 48*q**2 + 23*q + 82. Let u be s(-5). Suppose 1341 = 38*t - u. What are the prime factors of t?
2, 3, 11
Suppose 17*m - 9*m + 696 = 0. Suppose -5*a + x = -2*x - 739, -2 = -x. Let k = m + a. List the prime factors of k.
2, 31
Let r(b) = -2*b**3 - 10*b**2 - 3*b - 10. Let z be r(-5). Suppose -z*j - 44 = -24. Let o(s) = -26*s + 32. What are the prime factors of o(j)?
2, 17
Suppose -91*o + 3284630 = 152*o + 30131. List the prime factors of o.
59, 227
Let n be 5/30*3*10. Let f(j) = 139*j - 7. Let a(r) = 138*r - 8. Let z(k) = n*f(k) - 4*a(k). List the prime factors of z(2).
283
Suppose 0 = 3*w + 22 - 175. Suppose 0 = w*c - 54*c + 417. List the prime factors of c.
139
Let t = -2022 - -119. Let f = -1123 - t. What are the prime factors of f?
2, 3, 5, 13
Let p(o) = 4*o + 30. Let s be ((-18)/(-3))/((-10)/15). Let c be p(s). Let v(h) = -h**3 - 4*h**2 + 6*h - 14. List the prime factors of v(c).
2, 11
Suppose -10*c = 63 - 13. Let q be 1/(5/((-50)/c)). What are the prime factors of 155 - ((-7)/q + (-1)/(-2))?
2, 79
Suppose 4*u - 10 = 2*t, u - 3 - 5 = -5*t. What are the prime factors of -15*(0/u - 3)?
3, 5
Let x(s) = s**3 + 17*s**2 + 16*s + 22. Let i be x(-12). Suppose 3*w - 5*d + i = 0, 3*w + 2*d - 360 = 5*w. What are the prime factors of w/14*(-52)/5?
2, 5, 13
Let l = 117146 - 67145. What are the prime factors of l?
3, 7, 2381
Let c(d) be the second derivative of d**5/20 + 4*d**4/3 - 8*d**3/3 + 9*d**2/2 + 31*d. Let z be c(-17). List the prime factors of (-3 + 261/(-2))/(6/z).
2, 89
Suppose 207*i - 202*i - 274023 = 2*n, -3*i = -3*n - 164430. List the prime factors of i.
3, 6089
Suppose -13*l - 49*l + 897768 = 10*l. What are the prime factors of l?
37, 337
Suppose 0 = -3*g - 4*g + 476. Let t be (-2)/(-6) + 693/27. Let d = g - t. List the prime factors of d.
2, 3, 7
Let l(h) = 0*h - 38 + h**2 - 5*h - 5*h + 0*h. What are the prime factors of l(22)?
2, 113
Suppose -3*v = 2*w - 1, 4*w + 0*v - 12 = 4*v. Let x = 62 + -62. Suppose -2*s - 3*h + 2 = x, -6 = -w*s + 2*h - 3*h. What are the prime factors of s?
2
Let j(k) = -k**3 - 31*k**2 + 5*k + 403. List the prime factors of j(-34).
3701
Suppose -97*q - 557931 - 2226581 = -246*q. List the prime factors of q.
2, 73
Let w(u) = u + 20. Let h be w(-20). Suppose -p + 179 + 103 = h. Suppose -3*v + 6*v = p. List the prime factors of v.
2, 47
Suppose -j + 9137 = 2*m, 4*j + 7994 - 26278 = -4*m. What are the prime factors of m?
2, 3, 761
Let d be -11*4349 - 3/(-18)*-6. What are the prime factors of d/(-70) + 3/(-7)?
683
Suppose 75 = -7*h + 54. What are the prime factors of (-13)/((-52)/9144)*(-1)/h?
2, 3, 127
Suppose -4*d + 916 = -4*l, 3*d + l + l - 707 = 0. Let m = 328 - d. List the prime factors of m.
5, 19
Let c be 292323/48 - (-17)/(-272). Suppose -148*k = -155*k + c. What are the prime factors of k?
2, 3, 5, 29
Let g = -100 + -6. Let l = g - -11. Let y = l - -157. What are the prime factors of y?
2, 31
Let s(x) = x**3 + 7*x**2 - 5*x + 22. Let b be s(-8). What are the prime factors of ((-8)/((-40)/75))/(b/(-38))?
3, 5, 19
Suppose 0 = 47*u - 42*u - 1295. List the prime factors of (-2 - u)/((-63)/84).
2, 3, 29
Let d = 7051 - 4853. Suppose -444 = 2*l - d. What are the prime factors of l?
877
List the prime factors of (-16 - (10 - 357))/((-1)/(-11)).
11, 331
Suppose -15*w + 13*w - 2*o + 19968 = 0, 0 = 2*w - o - 19959. List the prime factors of w.
3, 1109
List the prime factors of ((-15600)/(-182))/((-24)/(-9660)).
2, 3, 5, 23
Suppose 206*o - 129*o = 1585738. What are the prime factors of o?
2, 7, 1471
Let y(j) = -2*j + 1. Let s be y(-1). Suppose 0 = s*h - 15, -4*g + g = 3*h - 1389. List the prime factors of g.
2, 229
Suppose -201 = 13*v + 904. Let w = 686 - v. What are the prime factors of w?
3, 257
Let v be (20/(-5))/(-4) - (-1 - -1). Suppose 2*f - 11 = -v, 3*f = 5*g - 1445. List the prime factors of g.
2, 73
Let r = 72 + -58. Suppose -r*i + 144 = -12*i. Suppose -i*t = -78*t + 1440. What are the prime factors of t?
2, 3, 5
Let j(o) = o + 20. Let n be j(20). Let l = n - 28. Let t = l - 10. What are the prime factors of t?
2
Let h(i) = 4 - 4*i - 13 - i. Let y be (-61)/7 - ((-144)/(-56))/9. List the prime factors of h(y).
2, 3
Suppose -2*h + 3*h = 10*h. Let s be -13 + 11 + (-1 - h). List the prime factors of (s/(18/4))/(1/(-93)).
2, 31
Let m(t) = -t**3 + 24*t - 5. Let y be m(-5). Suppose -35*u + 46*u - 4576 = y. What are the prime factors of u?
2, 13
Let m(u) = 3544*u**2 + 2*u + 10. List the prime factors of m(1).
2, 7, 127
Suppose 19*b - b = -666. Let c = b + 37. Suppose -7*v + 12*v - 200 = c. What are the prime factors of v?
2, 5
Suppose 27*f = 2956 + 99563. List the prime factors of f.
3797
Let c(b) = 3119*b + 62. Let n be c(2). Suppose 327*h - 336*h = -n. List the prime factors of h.
2, 5, 7
Suppose a = 3*a + 4. Let t(m) = -5*m - 33*m + 5*m + 4 + 2 - 2*m. What are the prime factors of t(a)?
2, 19
Suppose 12*b - 14*b = 0. Suppose 3*f - 179 - 397 = b. What are the prime factors of f?
2, 3
Let j(q) = 63*q**2 + 8*q + 13. Let a = 236 - 238. What are the prime factors of j(a)?
3, 83
Let q(m) be the first derivative of -m**2/2 - 9*m + 13. Let o be q(-13). What are the prime factors of -3 + (-8)/o*-14?
5
Suppose -2*v + 4*z = -8, 3*z - 33 = -10*v + 5*v. Suppose 3660 = 4*d + v*d. List the prime factors of d.
2, 3, 61
Let k = 31 + -30. Let x(a) = 12*a**3 + a**2 - a. Let j be x(k). Suppose -j*r = -7*r - 350. Lis